mainder when 14204 is divided by 3666?
3206
Calculate the remainder when 3312310 is divided by 254792.
14
Calculate the remainder when 2311825 is divided by 30418.
57
Calculate the remainder when 194874 is divided by 116.
110
Calculate the remainder when 223304548 is divided by 525.
523
Calculate the remainder when 761630 is divided by 311.
302
What is the remainder when 565996 is divided by 4756?
32
What is the remainder when 136043 is divided by 79?
5
Calculate the remainder when 46091014 is divided by 217.
214
Calculate the remainder when 14159490 is divided by 3491.
3485
What is the remainder when 25873343 is divided by 28?
27
Calculate the remainder when 709418 is divided by 2238.
2210
Calculate the remainder when 63387298 is divided by 30.
28
What is the remainder when 51941 is divided by 428?
153
Calculate the remainder when 2079087 is divided by 564.
183
What is the remainder when 6255845 is divided by 2182?
51
Calculate the remainder when 21039978 is divided by 506.
498
What is the remainder when 5134082 is divided by 7?
2
What is the remainder when 421558 is divided by 2317?
2181
What is the remainder when 919570 is divided by 70733?
41
What is the remainder when 3132988 is divided by 3132977?
11
What is the remainder when 3290970 is divided by 3290962?
8
What is the remainder when 251730 is divided by 30?
0
What is the remainder when 5201489 is divided by 2551?
0
What is the remainder when 13176407 is divided by 7834?
7453
What is the remainder when 21055740 is divided by 3339?
6
What is the remainder when 409974 is divided by 52?
6
Calculate the remainder when 476172 is divided by 573.
9
What is the remainder when 117250 is divided by 3912?
3802
Calculate the remainder when 597258 is divided by 20594.
32
Calculate the remainder when 1177035 is divided by 392343.
6
What is the remainder when 6336271 is divided by 704029?
10
Calculate the remainder when 17567985 is divided by 4837.
1
Calculate the remainder when 712230009 is divided by 8930.
8929
Calculate the remainder when 464003 is divided by 57990.
83
What is the remainder when 848675 is divided by 211183?
3943
Calculate the remainder when 333783 is divided by 166784.
215
What is the remainder when 112229 is divided by 5609?
49
Calculate the remainder when 838523 is divided by 470.
43
What is the remainder when 2385295 is divided by 46770?
25
What is the remainder when 474784 is divided by 3464?
216
Calculate the remainder when 245477 is divided by 27272.
29
What is the remainder when 10582937 is divided by 46?
39
What is the remainder when 3074980 is divided by 913?
909
What is the remainder when 424862 is divided by 299?
282
Calculate the remainder when 5282149 is divided by 43.
29
Calculate the remainder when 6370965 is divided by 579177.
18
Calculate the remainder when 4983211 is divided by 107.
7
Calculate the remainder when 338314 is divided by 3452.
18
What is the remainder when 4145896 is divided by 345490?
16
Calculate the remainder when 1518180 is divided by 218.
28
Calculate the remainder when 61720 is divided by 3201.
901
Calculate the remainder when 4910465 is divided by 1551.
1550
Calculate the remainder when 445041 is divided by 143648.
14097
What is the remainder when 58328322 is divided by 24?
18
What is the remainder when 4352077 is divided by 38176?
13
What is the remainder when 10206107 is divided by 2254?
2249
What is the remainder when 251897 is divided by 235?
212
Calculate the remainder when 2601429 is divided by 1136.
1125
What is the remainder when 3170436 is divided by 150971?
45
Calculate the remainder when 303425 is divided by 200.
25
Calculate the remainder when 1714514 is divided by 384.
338
Calculate the remainder when 37495973 is divided by 1902.
1847
What is the remainder when 860717 is divided by 1214?
1205
Calculate the remainder when 5138944 is divided by 244710.
34
What is the remainder when 932357 is divided by 19?
8
What is the remainder when 1809399 is divided by 15205?
4
Calculate the remainder when 10944218 is divided by 5472096.
26
Calculate the remainder when 31929 is divided by 6779.
4813
Calculate the remainder when 858216 is divided by 1713.
3
What is the remainder when 26229 is divided by 26025?
204
Calculate the remainder when 300098 is divided by 926.
74
Calculate the remainder when 410071 is divided by 410031.
40
Calculate the remainder when 116296 is divided by 531.
7
Calculate the remainder when 702630703 is divided by 43.
39
Calculate the remainder when 8594252 is divided by 5488.
44
Calculate the remainder when 385110 is divided by 519.
12
What is the remainder when 4273192 is divided by 110?
22
Calculate the remainder when 19743 is divided by 6461.
360
What is the remainder when 77833944 is divided by 2103620?
4
What is the remainder when 47447 is divided by 186?
17
Calculate the remainder when 347332 is divided by 2302.
2032
Calculate the remainder when 71365 is divided by 6486.
19
Calculate the remainder when 1000473086 is divided by 3134.
3132
What is the remainder when 43775 is divided by 1198?
647
Calculate the remainder when 213442 is divided by 9270.
232
What is the remainder when 456106 is divided by 2887?
2847
What is the remainder when 221484211 is divided by 6709?
6703
Calculate the remainder when 27840957 is divided by 18.
15
What is the remainder when 6616 is divided by 3172?
272
What is the remainder when 16018413 is divided by 190?
83
Calculate the remainder when 2273887 is divided by 378981.
1
Calculate the remainder when 74442 is divided by 11864.
3258
Calculate the remainder when 986260 is divided by 42877.
89
What is the remainder when 278268 is divided by 34763?
164
What is the remainder when 122367137 is divided by 40789038?
23
What is the remainder when 2047152 is divided by 2047144?
8
What is the remainder when 2730933 is divided by 44047?
19
What is the remainder when 26801857 is divided by 289?
286
What is the remainder when 2577006 is divided by 104?
94
What is the remainder when 309020 is divided by 1092?
1076
Calculate the remainder when 91725 is divided by 101.
17
Calculate the remainder when 75199233 is divided by 132393.
9
What is the remainder when 6404654 is divided by 341?
333
Calculate the remainder when 1156864 is divided by 111.
22
Calculate the remainder when 2349094 is divided by 111.
1
What is the remainder when 230395 is divided by 517?
330
What is the remainder when 6604464 is divided by 165?
9
What is the remainder when 198537 is divided by 424?
105
Calculate the remainder when 315428 is divided by 62867.
1093
Calculate the remainder when 309927 is divided by 7950.
7827
What is the remainder when 1563466 is divided by 312692?
6
Calculate the remainder when 673687 is divided by 336832.
23
What is the remainder when 228165 is divided by 18988?
309
What is the remainder when 91230342 is divided by 4182?
12
Calculate the remainder when 1217238 is divided by 95.
3
Calculate the remainder when 41060116 is divided by 586573.
6
Calculate the remainder when 54263 is divided by 846.
119
What is the remainder when 26116 is divided by 7095?
4831
What is the remainder when 937208 is divided by 187435?
33
Calculate the remainder when 251426 is divided by 1665.
11
What is the remainder when 384283776 is divided by 363?
360
What is the remainder when 96363721 is divided by 25?
21
What is the remainder when 2496277 is divided by 3008?
2645
What is the remainder when 350840 is divided by 3820?
3220
Calculate the remainder when 30440 is divided by 3736.
552
Calculate the remainder when 20632 is divided by 704.
216
Calculate the remainder when 2325388 is divided by 1162487.
414
Calculate the remainder when 9587621 is divided by 4625.
4621
What is the remainder when 164133 is divided by 1954?
1951
What is the remainder when 124679 is divided by 20779?
5
Calculate the remainder when 23365 is divided by 203.
20
What is the remainder when 75160 is divided by 74573?
587
What is the remainder when 2175677 is divided by 234?
179
Calculate the remainder when 46580284 is divided by 1455633.
28
Calculate the remainder when 296753 is divided by 141.
89
Calculate the remainder when 13137124 is divided by 821054.
260
Calculate the remainder when 104599446 is divided by 26149858.
14
Calculate the remainder whe